{"id":99,"date":"2019-04-07T17:07:56","date_gmt":"2019-04-07T08:07:56","guid":{"rendered":"http:\/\/kamaishi-sukoyaka.com\/?page_id=99"},"modified":"2024-06-22T11:07:16","modified_gmt":"2024-06-22T02:07:16","slug":"%e4%ba%88%e7%b4%84","status":"publish","type":"page","link":"https:\/\/kamaishi-sukoyaka.com\/?page_id=99","title":{"rendered":"\u4e88\u7d04"},"content":{"rendered":"<table style=\"width: 100%; height: 102px;\" width=\"608\">\n<tbody>\n<tr style=\"height: 34px;\">\n<td style=\"border-style: double; border-color: #000000; width: 17.6558%; height: 34px; text-align: center;\" width=\"120\"><strong>\u55b6\u696d\u6642\u9593<\/strong><\/td>\n<td style=\"border-style: double; border-color: #000000; width: 10.3858%; height: 34px; text-align: center;\" width=\"61\"><strong>\u6708<\/strong><\/td>\n<td style=\"border-style: double; border-color: #000000; width: 10.3858%; height: 34px; text-align: center;\" width=\"61\"><strong>\u706b<\/strong><\/td>\n<td style=\"border-style: double; border-color: #000000; width: 10.3858%; height: 34px; text-align: center;\" width=\"61\"><strong>\u6c34<\/strong><\/td>\n<td style=\"border-style: double; border-color: #000000; width: 10.3858%; height: 34px; text-align: center;\" width=\"61\"><strong>\u6728<\/strong><\/td>\n<td style=\"border-style: double; border-color: #000000; width: 10.3858%; height: 34px; text-align: center;\" width=\"61\"><strong>\u91d1<\/strong><\/td>\n<td style=\"border-style: double; border-color: #000000; width: 10.3858%; height: 34px; text-align: center;\" width=\"61\"><strong>\u571f<\/strong><\/td>\n<td style=\"border-style: double; border-color: #000000; width: 10.3858%; height: 34px; text-align: center;\" width=\"61\"><strong><span style=\"color: #ff0000;\">\u65e5<\/span><\/strong><\/td>\n<td style=\"border-style: double; border-color: #000000; width: 9.49555%; height: 34px; text-align: center;\" width=\"61\"><strong><span style=\"color: #ff0000;\">\u795d\u65e5<\/span><\/strong><\/td>\n<\/tr>\n<tr style=\"height: 34px;\">\n<td style=\"border-style: double; border-color: #000000; height: 34px; text-align: center; width: 17.6558%;\"><strong>9:00\uff5e12:00<\/strong><\/td>\n<td style=\"border-style: double; border-color: #000000; height: 34px; text-align: center; width: 10.3858%;\"><strong>\u3007<\/strong><\/td>\n<td style=\"border-style: double; border-color: #000000; height: 34px; text-align: center; width: 10.3858%;\"><strong>\u3007<\/strong><\/td>\n<td style=\"border-style: double; border-color: #000000; height: 34px; text-align: center; width: 10.3858%;\"><strong>\u3007<\/strong><\/td>\n<td style=\"border-style: double; border-color: #000000; height: 34px; text-align: center; width: 10.3858%;\"><strong>\u3007<\/strong><\/td>\n<td style=\"border-style: double; border-color: #000000; height: 34px; text-align: center; width: 10.3858%;\"><strong>\u3007<\/strong><\/td>\n<td style=\"border-style: double; border-color: #000000; height: 34px; text-align: center; width: 10.3858%;\"><strong>\u3007<\/strong><\/td>\n<td style=\"border-style: double; border-color: #000000; height: 34px; text-align: center; width: 10.3858%;\"><span style=\"color: #ff0000;\"><strong>\u00d7<\/strong><\/span><\/td>\n<td style=\"border-style: double; border-color: #000000; height: 34px; text-align: center; width: 9.49555%;\"><span style=\"color: #ff0000;\"><strong>\u00d7<\/strong><\/span><\/td>\n<\/tr>\n<tr style=\"height: 34px;\">\n<td style=\"border-style: double; border-color: #000000; height: 34px; text-align: center; width: 17.6558%;\"><strong>14:00\uff5e20:00<\/strong><\/td>\n<td style=\"border-style: double; border-color: #000000; height: 34px; text-align: center; width: 10.3858%;\"><strong>\u3007<\/strong><\/td>\n<td style=\"border-style: double; border-color: #000000; height: 34px; text-align: center; width: 10.3858%;\"><strong>\u3007<\/strong><\/td>\n<td style=\"border-style: double; border-color: #000000; height: 34px; text-align: center; width: 10.3858%;\"><strong>\u3007<\/strong><\/td>\n<td style=\"border-style: double; border-color: #000000; height: 34px; text-align: center; width: 10.3858%;\"><strong>\u3007<\/strong><\/td>\n<td style=\"border-style: double; border-color: #000000; height: 34px; text-align: center; width: 10.3858%;\"><strong>\u3007<\/strong><\/td>\n<td style=\"border-style: double; border-color: #000000; height: 34px; text-align: center; width: 10.3858%;\"><span style=\"color: #ff0000;\"><strong>\u00d7<\/strong><\/span><\/td>\n<td style=\"border-style: double; border-color: #000000; height: 34px; text-align: center; width: 10.3858%;\"><span style=\"color: #ff0000;\"><strong>\u00d7<\/strong><\/span><\/td>\n<td style=\"border-style: double; border-color: #000000; height: 34px; text-align: center; width: 9.49555%;\"><span style=\"color: #ff0000;\"><strong>\u00d7<\/strong><\/span><\/td>\n<\/tr>\n<\/tbody>\n<\/table>\n\n\n<p class=\"has-vivid-red-color has-text-color\"><strong>\u203b\uff1a\u795d\u65e5\u3082\u55b6\u696d\u3057\u3066\u308b\u6642\u3082\u3042\u308a\u307e\u3059\u306e\u3067\u3001\u304a\u554f\u3044\u5408\u308f\u305b\u304f\u3060\u3055\u3044\u3002<\/strong><\/p>\n\n\n\n<p><strong>\u4e88\u7d04\u306f\u300c\u96fb\u8a71\u4e88\u7d04\u300d\u3068\u300cWeb\u4e88\u7d04\u300d\u306e\uff12\u7a2e\u985e\u304c\u3042\u308a\u307e\u3059\u3002<\/strong><\/p>\n\n\n\n<div class=\"wp-block-group\"><div class=\"wp-block-group__inner-container is-layout-flow wp-block-group-is-layout-flow\">\n<p><strong>\u96fb\u8a71\u4e88\u7d04\u3092\u3055\u308c\u305f\u65b9\u306f\u30cd\u30c3\u30c8\u3067\u306e\u30ad\u30e3\u30f3\u30bb\u30eb\u306f\u3067\u304d\u306a\u3044\u306e\u3067\u3001\u5f53\u9662\u306b\u30ad\u30e3\u30f3\u30bb\u30eb\u306e\u9023\u7d61\u3092\u304a\u9858\u3044\u3057\u307e\u3059\u3002<\/strong><\/p>\n<\/div><\/div>\n\n\n\n<p><strong>\u4e88\u7d04\u6642\u9593\u3092\u5927\u5e45\u306b\u904e\u304e\u308b\u5834\u5408\u3084\u4e88\u7d04\u6642\u9593\u306b\u306a\u3063\u3066\u3082\u6765\u9662\u3055\u308c\u306a\u3044\u5834\u5408\u306f\u3001\u30ad\u30e3\u30f3\u30bb\u30eb\u6271\u3044\u306b\u3055\u305b\u3066\u3044\u305f\u3060\u304f\u306e\u3067\u3054\u4e86\u627f\u304f\u3060\u3055\u3044\u3002<\/strong><\/p>\n\n\n\n<p class=\"has-vivid-red-color has-text-color\"><strong>\u203b\u4e88\u7d04\u6642\u9593\u306b\u5c11\u3057\u9045\u308c\u308b\u5834\u5408\u306f\u5f53\u9662\u306b\u304a\u96fb\u8a71\u3092\u304f\u3060\u3055\u3044\u3002<\/strong>\u3000<\/p>\n\n\n\n<p class=\"has-vivid-red-color has-pale-cyan-blue-background-color has-text-color has-background has-medium-font-size\"><strong>\u96fb\u8a71\u4e88\u7d04\u2192\u260e\uff1a0193-27-6222<\/strong><\/p>\n\n\n\n<p class=\"has-vivid-red-color has-pale-cyan-blue-background-color has-text-color has-background has-medium-font-size\"><strong>Web\u4e88\u7d04\u2192<a href=\"https:\/\/airrsv.net\/kamaishi-sukoyaka\/calendar\">web\u4e88\u7d04<\/a>\u2190\u30af\u30ea\u30c3\u30af<\/strong><\/p>\n\n\n\n<p><strong>\u203b\u30cd\u30c3\u30c8\u4e88\u7d04\u306e\u65b9\u6cd5\u306f\u4e0b\u8a18\u3092\u3054\u89a7\u304f\u3060\u3055\u3044\u3002<\/strong><\/p>\n\n\n\n<ol class=\"wp-block-list\">\n<li><strong>\u4e88\u7d04\u3092\u5165\u308c\u305f\u3044\u65e5\u6642\u306e\u767d\u67a0\u3092\u9078\u629e\u3059\u308b\u3002\u203b\u7070\u8272\u306e\u67a0\u306f\u4e88\u7d04\u3067\u304d\u307e\u305b\u3093\u3002<\/strong><\/li>\n\n\n\n<li><strong>\u3054\u5229\u7528\u65e5\u6642\u3092\u78ba\u8a8d\u3057\u3001\u4e0b\u306e\u9752\u67a0\u306e\u300c\u4e88\u7d04\u3059\u308b\u300d\u3092\u30af\u30ea\u30c3\u30af\u3059\u308b\u3002<\/strong><\/li>\n\n\n\n<li><strong>\u5fc5\u8981\u4e8b\u9805\uff08\u304a\u540d\u524d\u3001\u30e1\u30fc\u30eb\u30a2\u30c9\u30ec\u30b9\u3001\u96fb\u8a71\u756a\u53f7\uff09\u3092\u5165\u529b\u3057\u78ba\u8a8d\u753b\u9762\u3078\u9032\u3080\u3002<\/strong><\/li>\n\n\n\n<li><strong>\u4e0b\u306b\u30b9\u30af\u30ed\u30fc\u30eb\u3057\u9752\u67a0\u306e\u300c\u4e0a\u8a18\u306b\u540c\u610f\u3057\u3066\u4e88\u7d04\u3092\u78ba\u5b9a\u300d\u3092\u30af\u30ea\u30c3\u30af\u3059\u308b\u3002<\/strong><\/li>\n<\/ol>\n\n\n\n<p><strong>\u4e0a\u8a18\u3067\u3054\u5165\u529b\u3044\u305f\u3060\u3044\u305f\u30e1\u30fc\u30eb\u30a2\u30c9\u30ec\u30b9\u306b\u4e88\u7d04\u756a\u53f7\u3068\u8a8d\u8a3c\u30ad\u30fc\u304c\u9001\u4fe1\u3055\u308c\u307e\u3059\u306e\u3067\u304a\u63a7\u3048\u304f\u3060\u3055\u3044\u3002<\/strong><\/p>\n\n\n\n<p class=\"has-vivid-red-color has-text-color\"><strong>\u203b\u4e88\u7d04\u756a\u53f7\u3068\u8a8d\u8a3c\u30ad\u30fc\u306f\u30cd\u30c3\u30c8\u4e88\u7d04\u30ad\u30e3\u30f3\u30bb\u30eb\u6642\u306b\u5fc5\u8981\u3068\u306a\u308a\u307e\u3059\u3002<\/strong><\/p>\n\n\n\n<p><strong>\u30cd\u30c3\u30c8\u3067\u306e\u30ad\u30e3\u30f3\u30bb\u30eb\u65b9\u6cd5\u306f\u4e0b\u8a18\u3092\u3054\u89a7\u304f\u3060\u3055\u3044\u3002<\/strong><\/p>\n\n\n\n<ol class=\"wp-block-list\">\n<li><strong>\u9001\u4fe1\u3055\u308c\u305f\u30e1\u30fc\u30eb\u3092\u958b\u304f\u3002<\/strong><\/li>\n\n\n\n<li><strong>\u3010\u4e88\u7d04\u5185\u5bb9\u7167\u4f1a\u753b\u9762\u3011\u3068\u66f8\u304b\u308c\u305f\u4e0b\u306eURL\u3092\u30af\u30ea\u30c3\u30af\u3059\u308b\u3002\u30e1\u30fc\u30eb\u306b\u9001\u4fe1\u3055\u308c\u305f\u4e88\u7d04\u756a\u53f7\u3068\u8a8d\u8a3c\u30ad\u30fc\u3092\u5165\u529b\u3057\u3001\u4e0b\u306e\u9752\u67a0\u306e\u300c\u4e88\u7d04\u3092\u30ad\u30e3\u30f3\u30bb\u30eb\u300d\u3092\u30af\u30ea\u30c3\u30af\u3059\u308b\u3002<\/strong><\/li>\n\n\n\n<li><strong>\u78ba\u8a8d\u753b\u9762\u4e0b\u306e\u300c\u4e88\u7d04\u3092\u30ad\u30e3\u30f3\u30bb\u30eb\u3092\u78ba\u5b9a\u300d\u3092\u30af\u30ea\u30c3\u30af\u3057\u5b8c\u4e86\u3002<\/strong><\/li>\n<\/ol>\n\n\n\n<p><strong>\u30cd\u30c3\u30c8\u3067\u30ad\u30e3\u30f3\u30bb\u30eb\u3092\u3059\u308b\u6642\u306b\u3001\u9593\u9055\u3063\u3066\u30e1\u30fc\u30eb\u3092\u524a\u9664\u3055\u308c\u3066\u3057\u307e\u3063\u305f\u308a\u3001\u4e88\u7d04\u756a\u53f7\u3084\u8a8d\u8a3c\u30ad\u30fc\u3092\u5fd8\u308c\u3066\u3057\u307e\u3063\u305f\u5834\u5408\u306f\u5f53\u9662\u306b\u304a\u96fb\u8a71\u4e0b\u3055\u3044\u3002<\/strong><\/p>\n\n\n\n<div class=\"wp-block-group\"><div class=\"wp-block-group__inner-container is-layout-flow wp-block-group-is-layout-flow\"><\/div><\/div>\n\n\n\n<p><\/p>\n","protected":false},"excerpt":{"rendered":"<p>\u55b6\u696d\u6642\u9593 \u6708 \u706b \u6c34 \u6728 \u91d1 \u571f \u65e5 \u795d\u65e5 9:00\uff5e12:00 \u3007 \u3007 \u3007 \u3007 \u3007 \u3007 \u00d7 \u00d7 14:00\uff5e20:00 \u3007 \u3007 \u3007 \u3007 \u3007 \u00d7 \u00d7 \u00d7 \u203b\uff1a\u795d\u65e5\u3082\u55b6\u696d\u3057\u3066\u308b\u6642\u3082\u3042\u308a\u307e\u3059\u306e\u3067\u3001\u304a\u554f\u3044\u5408\u308f\u305b\u304f\u3060\u3055\u3044\u3002 \u4e88\u7d04 &hellip; <\/p>\n<p class=\"link-more\"><a href=\"https:\/\/kamaishi-sukoyaka.com\/?page_id=99\" class=\"more-link\"><span class=\"screen-reader-text\">&#8220;\u4e88\u7d04&#8221; \u306e<\/span>\u7d9a\u304d\u3092\u8aad\u3080<\/a><\/p>\n","protected":false},"author":1,"featured_media":0,"parent":0,"menu_order":0,"comment_status":"closed","ping_status":"closed","template":"","meta":{"om_disable_all_campaigns":false,"_mi_skip_tracking":false,"footnotes":""},"class_list":["post-99","page","type-page","status-publish","hentry"],"aioseo_notices":[],"_links":{"self":[{"href":"https:\/\/kamaishi-sukoyaka.com\/index.php?rest_route=\/wp\/v2\/pages\/99","targetHints":{"allow":["GET"]}}],"collection":[{"href":"https:\/\/kamaishi-sukoyaka.com\/index.php?rest_route=\/wp\/v2\/pages"}],"about":[{"href":"https:\/\/kamaishi-sukoyaka.com\/index.php?rest_route=\/wp\/v2\/types\/page"}],"author":[{"embeddable":true,"href":"https:\/\/kamaishi-sukoyaka.com\/index.php?rest_route=\/wp\/v2\/users\/1"}],"replies":[{"embeddable":true,"href":"https:\/\/kamaishi-sukoyaka.com\/index.php?rest_route=%2Fwp%2Fv2%2Fcomments&post=99"}],"version-history":[{"count":22,"href":"https:\/\/kamaishi-sukoyaka.com\/index.php?rest_route=\/wp\/v2\/pages\/99\/revisions"}],"predecessor-version":[{"id":599,"href":"https:\/\/kamaishi-sukoyaka.com\/index.php?rest_route=\/wp\/v2\/pages\/99\/revisions\/599"}],"wp:attachment":[{"href":"https:\/\/kamaishi-sukoyaka.com\/index.php?rest_route=%2Fwp%2Fv2%2Fmedia&parent=99"}],"curies":[{"name":"wp","href":"https:\/\/api.w.org\/{rel}","templated":true}]}}